{"id":45,"date":"2018-07-29T11:31:23","date_gmt":"2018-07-29T11:31:23","guid":{"rendered":"http:\/\/logopaedie-weil.de\/?page_id=45"},"modified":"2025-08-14T12:08:24","modified_gmt":"2025-08-14T12:08:24","slug":"leistungsspektrum","status":"publish","type":"page","link":"https:\/\/logopaedie-weil.de\/?page_id=45","title":{"rendered":"Unser Team"},"content":{"rendered":"<p><img loading=\"lazy\" decoding=\"async\" class=\"wp-image-39  aligncenter\" src=\"http:\/\/logopaedie-weil.de\/wp-content\/uploads\/2018\/07\/MG_0836_pp-1024x683.jpg\" alt=\"\" width=\"525\" height=\"350\" srcset=\"https:\/\/logopaedie-weil.de\/wp-content\/uploads\/2018\/07\/MG_0836_pp-1024x683.jpg 1024w, https:\/\/logopaedie-weil.de\/wp-content\/uploads\/2018\/07\/MG_0836_pp-300x200.jpg 300w, https:\/\/logopaedie-weil.de\/wp-content\/uploads\/2018\/07\/MG_0836_pp-768x512.jpg 768w\" sizes=\"auto, (max-width: 525px) 100vw, 525px\" \/><\/p>\n<p style=\"text-align: center;\"><strong>Manuela Bahner<\/strong><\/p>\n<p><img loading=\"lazy\" decoding=\"async\" class=\"alignnone size-full wp-image-207\" src=\"http:\/\/logopaedie-weil.de\/wp-content\/uploads\/2025\/08\/quer-scaled.jpg\" alt=\"\" width=\"2560\" height=\"1714\" srcset=\"https:\/\/logopaedie-weil.de\/wp-content\/uploads\/2025\/08\/quer-scaled.jpg 2560w, https:\/\/logopaedie-weil.de\/wp-content\/uploads\/2025\/08\/quer-300x201.jpg 300w, https:\/\/logopaedie-weil.de\/wp-content\/uploads\/2025\/08\/quer-1024x685.jpg 1024w, https:\/\/logopaedie-weil.de\/wp-content\/uploads\/2025\/08\/quer-768x514.jpg 768w, https:\/\/logopaedie-weil.de\/wp-content\/uploads\/2025\/08\/quer-1536x1028.jpg 1536w, https:\/\/logopaedie-weil.de\/wp-content\/uploads\/2025\/08\/quer-2048x1371.jpg 2048w\" sizes=\"auto, (max-width: 767px) 89vw, (max-width: 1000px) 54vw, (max-width: 1071px) 543px, 580px\" \/><\/p>\n<p style=\"text-align: center;\"><strong>Gina-Maria B. mit Therapiehund Leni<\/strong><\/p>\n<p><img loading=\"lazy\" decoding=\"async\" class=\"aligncenter wp-image-197\" src=\"http:\/\/logopaedie-weil.de\/wp-content\/uploads\/2024\/11\/JS-scaled.jpg\" alt=\"\" width=\"525\" height=\"352\" srcset=\"https:\/\/logopaedie-weil.de\/wp-content\/uploads\/2024\/11\/JS-scaled.jpg 2560w, https:\/\/logopaedie-weil.de\/wp-content\/uploads\/2024\/11\/JS-300x201.jpg 300w, https:\/\/logopaedie-weil.de\/wp-content\/uploads\/2024\/11\/JS-1024x685.jpg 1024w, https:\/\/logopaedie-weil.de\/wp-content\/uploads\/2024\/11\/JS-768x514.jpg 768w, https:\/\/logopaedie-weil.de\/wp-content\/uploads\/2024\/11\/JS-1536x1028.jpg 1536w, https:\/\/logopaedie-weil.de\/wp-content\/uploads\/2024\/11\/JS-2048x1371.jpg 2048w\" sizes=\"auto, (max-width: 525px) 100vw, 525px\" \/><\/p>\n<p style=\"text-align: center;\"><strong>Jana S.<\/strong><\/p>\n<p><img loading=\"lazy\" decoding=\"async\" class=\" wp-image-202 aligncenter\" src=\"http:\/\/logopaedie-weil.de\/wp-content\/uploads\/2025\/02\/LLQuer-scaled.jpg\" alt=\"\" width=\"528\" height=\"354\" srcset=\"https:\/\/logopaedie-weil.de\/wp-content\/uploads\/2025\/02\/LLQuer-scaled.jpg 2560w, https:\/\/logopaedie-weil.de\/wp-content\/uploads\/2025\/02\/LLQuer-300x201.jpg 300w, https:\/\/logopaedie-weil.de\/wp-content\/uploads\/2025\/02\/LLQuer-1024x685.jpg 1024w, https:\/\/logopaedie-weil.de\/wp-content\/uploads\/2025\/02\/LLQuer-768x514.jpg 768w, https:\/\/logopaedie-weil.de\/wp-content\/uploads\/2025\/02\/LLQuer-1536x1028.jpg 1536w, https:\/\/logopaedie-weil.de\/wp-content\/uploads\/2025\/02\/LLQuer-2048x1371.jpg 2048w\" sizes=\"auto, (max-width: 528px) 100vw, 528px\" \/><\/p>\n<p style=\"text-align: center;\"><strong>Lena L.<\/strong><\/p>\n<p style=\"text-align: center;\"><img loading=\"lazy\" decoding=\"async\" class=\"alignnone size-full wp-image-213\" src=\"http:\/\/logopaedie-weil.de\/wp-content\/uploads\/2025\/08\/NinaS.jpg\" alt=\"\" width=\"2560\" height=\"1714\" srcset=\"https:\/\/logopaedie-weil.de\/wp-content\/uploads\/2025\/08\/NinaS.jpg 2560w, https:\/\/logopaedie-weil.de\/wp-content\/uploads\/2025\/08\/NinaS-300x201.jpg 300w, https:\/\/logopaedie-weil.de\/wp-content\/uploads\/2025\/08\/NinaS-1024x686.jpg 1024w, https:\/\/logopaedie-weil.de\/wp-content\/uploads\/2025\/08\/NinaS-768x514.jpg 768w, https:\/\/logopaedie-weil.de\/wp-content\/uploads\/2025\/08\/NinaS-1536x1028.jpg 1536w, https:\/\/logopaedie-weil.de\/wp-content\/uploads\/2025\/08\/NinaS-2048x1371.jpg 2048w\" sizes=\"auto, (max-width: 767px) 89vw, (max-width: 1000px) 54vw, (max-width: 1071px) 543px, 580px\" \/><\/p>\n<p style=\"text-align: center;\"><strong>Nina S.<\/strong><\/p>\n<p>Wir f\u00fchren grunds\u00e4tzlich bei allen logop\u00e4dischen St\u00f6rungsbildern Beratung, Diagnostik und effiziente und alltagstaugliche Therapien und auch Pr\u00e4ventionsma\u00dfnahmen in folgenden Bereichen durch:<\/p>\n<p><strong>Sprachst\u00f6rungen:\u00a0<\/strong><\/p>\n<ul>\n<li>Sprachentwicklungsverz\u00f6gerung bzw. -st\u00f6rung bei Kindern<\/li>\n<li>Late Talker Ph\u00e4nomen<\/li>\n<li>SES bei Mehrsprachigkeit (SES bei bilingualen Spracherwerb)<\/li>\n<li>Sprachst\u00f6rung bei Erwachsenen (Aphasie)<\/li>\n<li>Auditive Verarbeitungs- und Wahrnehmungsst\u00f6rung (AVWS)<\/li>\n<li>Zentral-auditive Verarbeitungs- und Wahrnehmungsst\u00f6rung (ZAVWS)<\/li>\n<\/ul>\n<p><strong>Sprechst\u00f6rungen:\u00a0<\/strong><\/p>\n<ul>\n<li>Artikulationsst\u00f6rung (phonologisch und phonetisch phonologische St\u00f6rung)<\/li>\n<li>St\u00f6rung der Planung und Sprechbewegung (Sprechapraxie)<\/li>\n<li>St\u00f6rung des Sprechens nach neurologischer Erkrankung und Aphasie (Dysarthrie)<\/li>\n<\/ul>\n<p><strong>Redeflussst\u00f6rungen:\u00a0<\/strong><\/p>\n<ul>\n<li>Entwicklungsbedingte Unfl\u00fcssigkeiten (physiologisches Stottern)<\/li>\n<li>Stottern<\/li>\n<li>Poltern<\/li>\n<li>N\u00e4seln (Rhinophonie)<\/li>\n<\/ul>\n<p><strong>H\u00f6rst\u00f6rungen:\u00a0<\/strong><\/p>\n<ul>\n<li>Angeborene oder erworbene H\u00f6rst\u00f6rung<\/li>\n<\/ul>\n<p><strong>Schluckst\u00f6rungen:\u00a0<\/strong><\/p>\n<ul>\n<li>Beeintr\u00e4chtigung der Mund- und Gesichtsmuskulatur (myofunktionelle orofaciale Dysfunktion)<\/li>\n<li>Funktionelle und organische Schluckst\u00f6rung (Dysphagie)<\/li>\n<\/ul>\n<p><strong>Stimmst\u00f6rungen:\u00a0<\/strong><\/p>\n<ul>\n<li>Organisch oder funktionell bedingte Stimmst\u00f6rung (Dysphonie)<\/li>\n<li>Stimmverlust (Aphonie)<\/li>\n<li>Kindliche Stimmst\u00f6rung (juvenile Dysphonie)<\/li>\n<\/ul>\n<p><strong>St\u00f6rung des Lesens und der Schriftsprache:<\/strong><\/p>\n<ul>\n<li>Lese- und Rechtschreibschwierigkeit (Dyslexie oder Dysgraphie)<\/li>\n<li>Lese-Rechtschreib-St\u00f6rung (LRS)<\/li>\n<\/ul>\n<p><strong>Patienten mit Syndromerkrankung\u00a0<\/strong><\/p>\n<p>Ebenso f\u00fchren wir bei Interesse gerne Vortr\u00e4ge zur kindlichen Sprachentwicklung und \u2013f\u00f6rderung oder zum Thema Stimmpflege und -hygiene durch.<\/p>\n","protected":false},"excerpt":{"rendered":"<p>Manuela Bahner Gina-Maria B. mit Therapiehund Leni Jana S. Lena L. Nina S. Wir f\u00fchren grunds\u00e4tzlich bei allen logop\u00e4dischen St\u00f6rungsbildern Beratung, Diagnostik und effiziente und alltagstaugliche Therapien und auch Pr\u00e4ventionsma\u00dfnahmen in folgenden Bereichen durch: Sprachst\u00f6rungen:\u00a0 Sprachentwicklungsverz\u00f6gerung bzw. -st\u00f6rung bei Kindern Late Talker Ph\u00e4nomen SES bei Mehrsprachigkeit (SES bei bilingualen Spracherwerb) Sprachst\u00f6rung bei Erwachsenen (Aphasie) Auditive &hellip; <\/p>\n<p class=\"link-more\"><a href=\"https:\/\/logopaedie-weil.de\/?page_id=45\" class=\"more-link\"><span class=\"screen-reader-text\">\u201eUnser Team\u201c <\/span>weiterlesen<\/a><\/p>\n","protected":false},"author":1,"featured_media":0,"parent":0,"menu_order":0,"comment_status":"closed","ping_status":"closed","template":"","meta":{"footnotes":""},"class_list":["post-45","page","type-page","status-publish","hentry"],"_links":{"self":[{"href":"https:\/\/logopaedie-weil.de\/index.php?rest_route=\/wp\/v2\/pages\/45","targetHints":{"allow":["GET"]}}],"collection":[{"href":"https:\/\/logopaedie-weil.de\/index.php?rest_route=\/wp\/v2\/pages"}],"about":[{"href":"https:\/\/logopaedie-weil.de\/index.php?rest_route=\/wp\/v2\/types\/page"}],"author":[{"embeddable":true,"href":"https:\/\/logopaedie-weil.de\/index.php?rest_route=\/wp\/v2\/users\/1"}],"replies":[{"embeddable":true,"href":"https:\/\/logopaedie-weil.de\/index.php?rest_route=%2Fwp%2Fv2%2Fcomments&post=45"}],"version-history":[{"count":16,"href":"https:\/\/logopaedie-weil.de\/index.php?rest_route=\/wp\/v2\/pages\/45\/revisions"}],"predecessor-version":[{"id":214,"href":"https:\/\/logopaedie-weil.de\/index.php?rest_route=\/wp\/v2\/pages\/45\/revisions\/214"}],"wp:attachment":[{"href":"https:\/\/logopaedie-weil.de\/index.php?rest_route=%2Fwp%2Fv2%2Fmedia&parent=45"}],"curies":[{"name":"wp","href":"https:\/\/api.w.org\/{rel}","templated":true}]}}